{"id":109,"date":"2016-09-18T19:49:42","date_gmt":"2016-09-18T17:49:42","guid":{"rendered":"http:\/\/lab.awfis.net\/?page_id=109"},"modified":"2016-09-21T11:02:17","modified_gmt":"2016-09-21T09:02:17","slug":"diagnozowanie-ukladu-ruchu","status":"publish","type":"page","link":"https:\/\/lab.awfis.net\/?page_id=109","title":{"rendered":"Diagnozowanie uk\u0142adu ruchu"},"content":{"rendered":"<p>&nbsp;<\/p>\n<p>Badania w zakresie fizjoterapii, rehabilitacji i szeroko rozumianej kultury fizycznej.<\/p>\n<p><!--more--><\/p>\n<p>Laboratorium wyposa\u017cone jest w zestaw narz\u0119dzi do pomiar\u00f3w antropologicznych \u2013 profesjonalne goniometry i inklinometr mechaniczny. Narz\u0119dzia te s\u0142u\u017c\u0105 do pomiaru krzywizn cia\u0142a i zakresu ruchu w stawach.<\/p>\n<p>Przeno\u015bny tester unerwienia d\u0142oni <em>WEST<\/em> pozwala na obiektywne badanie czucia d\u0142oni za pomoc\u0105 5 monofilament\u00f3w, kt\u00f3re s\u0105 skalibrowane do przy\u0142o\u017conej si\u0142y w gramach w wielko\u015bciach: 0.07, 0.2, 2, 4, 2\/3.<\/p>\n<p>Do pomiaru izometrycznego zakresu si\u0142y u\u015bcisku d\u0142oni s\u0142u\u017cy dynamometr hydrauliczny <em>Saehan<\/em>.<\/p>\n<p>&nbsp;<\/p>\n<p>&nbsp;<\/p>\n<p>System <em>PELETON plus<\/em> s\u0142u\u017cy do prowadzenia wielostanowiskowej rehabilitacji kardiologicznej lub rehabilitacji ruchowej. System gwarantuje ka\u017cdemu pacjentowi wchodz\u0105cemu w sk\u0142ad grupy treningowej indywidualny tok \u0107wicze\u0144, nadz\u00f3r medyczny w trakcie przeprowadzania treningu, tworzenie dokumentacji treningu rehabilitacyjnego i do\u0142\u0105czanie jej do indywidualnej bazy danych pacjenta. System zwi\u0119ksza komfort pracy os\u00f3b prowadz\u0105cych trening, automatyzuj\u0105c wykonanie wielu niezb\u0119dnych czynno\u015bci, m.in. wykorzystuj\u0105c czytnik kart chipowych, kojarz\u0105c pacjent\u00f3w z zadajnikami obci\u0105\u017cenia. Na system <em>PELETON plus<\/em> sk\u0142ada si\u0119 centralne stanowisko steruj\u0105ce z dwoma monitorami LCD oraz 8 zadajnik\u00f3w wysi\u0142ku w postaci cykloergometr\u00f3w <em>ERM-200<\/em> i bie\u017cni <em>ERT-200<\/em> oraz bezprzewodowych modu\u0142\u00f3w EKG.<\/p>\n<p>&nbsp;<\/p>\n<p>Przyk\u0142adowe projekty to m.in.: \u0107wiczenia fizyczne kobiet w ci\u0105\u017cy, aktywno\u015b\u0107 dzieci oty\u0142ych, nordic walking a osteoporoza i upadki u kobiet w wieku pomenopauzalnym.<\/p>\n<p>&nbsp;<\/p>\n","protected":false},"excerpt":{"rendered":"<p>&nbsp; Badania w zakresie fizjoterapii, rehabilitacji i szeroko rozumianej kultury fizycznej.<\/p>\n","protected":false},"author":1,"featured_media":0,"parent":0,"menu_order":0,"comment_status":"closed","ping_status":"closed","template":"","meta":{"jetpack_post_was_ever_published":false,"footnotes":""},"class_list":["post-109","page","type-page","status-publish","hentry"],"jetpack_sharing_enabled":true,"jetpack_shortlink":"https:\/\/wp.me\/P7UwVE-1L","_links":{"self":[{"href":"https:\/\/lab.awfis.net\/index.php?rest_route=\/wp\/v2\/pages\/109","targetHints":{"allow":["GET"]}}],"collection":[{"href":"https:\/\/lab.awfis.net\/index.php?rest_route=\/wp\/v2\/pages"}],"about":[{"href":"https:\/\/lab.awfis.net\/index.php?rest_route=\/wp\/v2\/types\/page"}],"author":[{"embeddable":true,"href":"https:\/\/lab.awfis.net\/index.php?rest_route=\/wp\/v2\/users\/1"}],"replies":[{"embeddable":true,"href":"https:\/\/lab.awfis.net\/index.php?rest_route=%2Fwp%2Fv2%2Fcomments&post=109"}],"version-history":[{"count":7,"href":"https:\/\/lab.awfis.net\/index.php?rest_route=\/wp\/v2\/pages\/109\/revisions"}],"predecessor-version":[{"id":1471,"href":"https:\/\/lab.awfis.net\/index.php?rest_route=\/wp\/v2\/pages\/109\/revisions\/1471"}],"wp:attachment":[{"href":"https:\/\/lab.awfis.net\/index.php?rest_route=%2Fwp%2Fv2%2Fmedia&parent=109"}],"curies":[{"name":"wp","href":"https:\/\/api.w.org\/{rel}","templated":true}]}}